(50).
-158
Let p(j) = 9*j**2 - 34*j - 8. Give p(7).
195
Let x(m) = -m**3 + 2*m**2 - 14*m - 39. Determine x(-2).
5
Let p(v) = 5*v**3 - 39*v**2 + 30*v - 18. What is p(7)?
-4
Let y(w) = 14*w**2 + 1973*w - 147. What is y(-141)?
-6
Let x(q) = -q**3 - 37*q**2 + 49*q + 437. What is x(-38)?
19
Let r(y) = -220*y**2 + 1326*y + 3. Give r(6).
39
Let k(c) = -165*c + 1057. Give k(6).
67
Let j(b) = 2393*b - 4758. Determine j(2).
28
Let h(l) = -l**2 - 18*l - 45. Determine h(-7).
32
Let i(d) = -d**3 + 12*d**2 - 29*d - 6. Calculate i(12).
-354
Let v(a) = -14*a + 159. Determine v(12).
-9
Let j(i) = i**2 - 35*i + 81. What is j(22)?
-205
Let d(c) = 4*c**2 - 112*c + 214. Give d(26).
6
Let k(t) = -t + 4. Determine k(-10).
14
Let l(o) = -84*o + 754. Calculate l(9).
-2
Let u(j) = 86*j**2 - 8166*j - 380. Calculate u(95).
0
Let l(u) = u**2 - 141*u + 5027. What is l(73)?
63
Let v(i) = -i + 72. Calculate v(-7).
79
Let j(c) = -28*c + 248. Calculate j(9).
-4
Let x(q) = -q**3 + 45*q**2 + 99*q - 445. Give x(47).
-210
Let r(c) = 7*c**2 - 12*c + 34. Determine r(8).
386
Let o(w) = -7*w**3 + 69*w**2 + 17*w - 23. Determine o(10).
47
Let r(b) = -b**3 + 8*b**2 - 19*b + 28. What is r(5)?
8
Let v(u) = 19*u - 173. Give v(7).
-40
Let g(f) = f**2 - 82*f - 14187. What is g(-85)?
8
Let j(h) = -28*h**3 - 12*h**2 - 3*h + 11. Determine j(-1).
30
Let v(c) = -5*c**2 - 93*c - 266. Give v(-15).
4
Let x(u) = -u**3 + 5*u**2 - 15. Give x(6).
-51
Let y(m) = 216*m - 47306. Calculate y(219).
-2
Let k(j) = j**3 - 4*j**2 - 102*j - 286. Give k(-5).
-1
Let s(n) = -489*n + 1474. What is s(3)?
7
Let n(z) = z**3 - 5*z**2 + 2*z + 48. What is n(-4)?
-104
Let c(o) = o**3 + 44*o**2 + 45*o + 167. What is c(-43)?
81
Let v(g) = -6*g**3 + 1. Calculate v(1).
-5
Let y(i) = i**3 - 31*i**2 - 50*i - 530. What is y(33)?
-2
Let u(n) = n**3 - 40*n**2 - 159*n + 1296. Give u(43).
6
Let z(v) = -v**3 + 6*v**2 - 103*v + 950. Calculate z(8).
-2
Let y(f) = 3*f + 1. Determine y(2).
7
Let n(i) = -i**3 - 13*i**2 - 27*i - 25. What is n(-11)?
30
Let z(g) = g**2 + 118*g + 468. Give z(-4).
12
Let c(i) = -3*i**2 - 80*i - 551. What is c(-12)?
-23
Let y(j) = j**3 + 10*j**2 + 54*j + 119. Determine y(-5).
-26
Let r(a) = 106*a - 1314. Calculate r(16).
382
Let y(n) = 3*n**2 + 71*n + 545. Calculate y(-13).
129
Let x(w) = w**3 - 36*w**2 + 67*w + 109. What is x(34)?
75
Let o(s) = 41*s + 322. What is o(-8)?
-6
Let r(b) = 5*b**2 + 7*b - 26. Calculate r(2).
8
Let f(s) = -s**3 - s**2 - 47*s - 449. Give f(-7).
174
Let j(h) = -3821*h - 42032. What is j(-11)?
-1
Let j(x) = -745*x - 1617. What is j(-2)?
-127
Let w(z) = -67*z + 2008. Determine w(30).
-2
Let j(q) = 142*q**3 + q**2 + 11*q - 11. What is j(1)?
143
Let c(g) = 6*g**2 + 236*g - 178. Calculate c(-40).
-18
Let v(z) = 1249*z - 5. Determine v(0).
-5
Let z(m) = 3*m**3 - 321*m**2 + m - 145. What is z(107)?
-38
Let g(k) = 3*k**2 - 44*k - 24. Determine g(16).
40
Let m(i) = -4*i**3 + 7*i**2 + 11*i - 28. Give m(6).
-574
Let l(i) = 2*i**2 + 51*i + 126. Give l(-23).
11
Let y(t) = -10*t**2 + 205*t - 68. Give y(20).
32
Let j(c) = 12*c + 44. Determine j(-5).
-16
Let t(k) = -59*k + 389. Give t(6).
35
Let m(y) = -13*y**2 + 961*y + 67. What is m(74)?
-7
Let f(h) = 161*h - 22864. Give f(142).
-2
Let v(n) = -4*n**3 + 2*n**2 + 20*n - 3. Determine v(6).
-675
Let v(r) = -13*r + 454. Calculate v(36).
-14
Let z(g) = 2*g**2 - 6*g + 28. Give z(-5).
108
Let p(u) = -22*u**2 + 34*u + 246. Calculate p(-4).
-242
Let p(w) = -48*w**3 - w**2 - 4*w + 4. Calculate p(0).
4
Let n(o) = -4*o**2 - 24*o + 15. Calculate n(0).
15
Let m(w) = -w**3 + 3*w**2 + 60*w + 186. Determine m(-4).
58
Let c(d) = -16*d**2 - 2*d. What is c(-2)?
-60
Let m(r) = r**3 - 21*r**2 + r - 17. What is m(21)?
4
Let l(s) = -23*s**2 + 14*s - 20. Determine l(2).
-84
Let i(d) = d**2 + 4*d - 79. Determine i(7).
-2
Let c(z) = 1889*z - 5672. Give c(3).
-5
Let o(z) = 5*z**2 + 195*z + 56. Calculate o(-38).
-134
Let d(v) = -3*v**2 - 492*v + 6824. What is d(-177)?
-79
Let t(z) = 24373*z - 365595. Calculate t(15).
0
Let s(j) = j**3 + 34*j**2 - 66*j - 1133. What is s(-35)?
-48
Let h(s) = 2*s**2 + 98*s - 299. Calculate h(3).
13
Let u(r) = -2*r**2 - 34*r - 142. Give u(-10).
-2
Let g(a) = -4*a**3 + 2*a**2 + 8*a - 1. Determine g(-3).
101
Let s(q) = -3*q**2 - 67*q - 167. Calculate s(-3).
7
Let t(q) = 304*q + 3639. Determine t(-12).
-9
Let r(o) = 60*o**3 + o**2 - 22*o + 21. Calculate r(1).
60
Let i(u) = 35*u**2 - 249*u - 15. What is i(7)?
-43
Let s(g) = -g**3 - 76*g**2 + 16*g + 1218. What is s(-76)?
2
Let o(j) = -129*j - 240. Determine o(-2).
18
Let r(t) = 47*t**2 + 741*t - 41. What is r(-16)?
135
Let m(f) = -172*f**2 - 3. Give m(0).
-3
Let m(s) = 226*s**2 + 8*s + 9. Give m(-1).
227
Let g(q) = 6*q**3 - 3*q**2 - 6*q + 7. Determine g(-3).
-164
Let d(r) = r**2 + 17*r - 198. What is d(-25)?
2
Let r(z) = -27*z - 54. Calculate r(-9).
189
Let m(l) = l**2 - 75*l + 475. Give m(68).
-1
Let q(z) = -z**2 + 237*z - 8336. What is q(43)?
6
Let a(h) = -33*h**3 - 2*h**2 - h. Give a(-1).
32
Let b(t) = t**2 + 433*t + 46703. Calculate b(-203).
13
Let a(v) = v**3 + 18*v**2 - 23*v - 93. What is a(-19)?
-17
Let z(t) = -2*t**2 + 7*t - 1. Determine z(-7).
-148
Let v(x) = -8*x**3 - 119*x**2 + 14*x - 5. What is v(-15)?
10
Let p(o) = 3*o**2 + 146*o - 150. Determine p(-51).
207
Let q(l) = -l**3 + 19*l**2 - 27*l + 109. Give q(18).
-53
Let d(w) = 2*w**3 + 113*w**2 - 55*w + 111. Determine d(-57).
-3
Let a(t) = -t**2 + 14*t + 1360. Calculate a(43).
113
Let r(c) = -100*c**2 + 11*c. Determine r(-2).
-422
Let g(c) = -c**3 + 4*c**2 + 34*c - 84. What is g(8)?
-68
Let f(d) = -d**3 + 11*d**2 + 726*d + 1. Determine f(-22).
1
Let m(k) = k**3 + 17*k**2 + 50*k - 12. Determine m(-14).
-124
Let h(z) = 16*z - 243. Give h(39).
381
Let j(p) = p**3 - 30*p**2 - 61*p - 125. Determine j(32).
-29
Let w(j) = 2222*j + 84438. Calculate w(-38).
2
Let v(u) = -2*u**2 - 29*u + 222. What is v(-19)?
51
Let c(m) = -55*m + 2221. Calculate c(42).
-89
Let g(w) = -1177*w - 2356. Determine g(-2).
-2
Let n(s) = s**2 - 22*s + 118. Determine n(10).
-2
Let j(q) = -15*q**2 + 176*q - 22. Determine j(11).
99
Let m(u) = -540*u - 3239. Determine m(-6).
1
Let q(u) = -14*u + 108. Give q(24).
-228
Let s(l) = 280*l + 17061. Give s(-61).
-19
Let t(y) = 47*y - 538. Determine t(11).
-21
Let g(o) = 8*o**3 + 15*o**2 - 18*o + 2. Determine g(1).
7
Let a(k) = 3*k**2 - 659*k + 7475. Calculate a(12).
-1
Let k(s) = -10*s**2 + 14*s - 53. What is k(5)?
-233
Let l(g) = 2607*g + 5194. Determine l(-2).
-20
Let q(i) = 212*i - 8497. Give q(40).
-17
Let l(x) = 46*x - 1. Determine l(-6).
-277
Let n(u) = 164*u + 282. Give n(2).
610
Let r(k) = k**2 + 75*k + 1254. What is r(-29)?
-80
Let r(v) = 2768*v + 24909. What is r(-9)?
-3
Let z(v) = v**3 - 14*v**2 - 4*v + 90. Give z(14).
34
Let w(f) = 2*f**2 + 101*f - 371. What is w(-54)?
7
Let g(q) = -q**3 + 43*q**2 - 86*q + 169. Determine g(41).
5
Let v(u) = 2*u**2 - 313*u + 6684. Determine v(131).
3
Let d(c) = -3*c**3 + 44*c**2 - 6*c - 23. Calculate d(14).
285
Let j(n) = 11*n**2 + 24*n + 65. Give j(-3).
92
Let c(n) = 68*n**2 + 1159*n + 35. What is c(-17)?
-16
Let d(a) = 2*a**2 - 24*a - 25. Calculate d(13).
1
Let b(a) = 495*a + 3465. Calculate b(-7).
0
Let r(o) = 11*o + 1066. Calculate r(-97).
-1
Let r(d) = d**3 + 73*d**2 + 110*d - 2245. Calculate r(-71).
27
Let f(r) = 33*r - 1343. What is f(41)?
10
Let c(f) = 4*f**2 - 75*f + 112. What is c(17)?
-7
Let n(f) = -2*f**2 - 208*f + 6762. What is n(-130)?
2
Let b(c) = 2*c**2 + 12*c - 3. What is b(-2)?
-19
Let t(f) = -f**2 - 32*f - 233. Determine t(-8).
-41
Let n(x) = -x**3 - 18*x**2 + 36*x + 155. Determine n(-19).
-168
Let b(v) = -v**2 + 644*v - 3842. Determine b(6).
-14
Let o(x) = -29*x - 337. What is o(-11)?
-18
Let r(a) = -a**3 + 17*a**2 - 5*a + 20. Determine r(17).
-65
Let c(l) = -l**2 - 30*l - 234. Give c(-18).
-18
Let m(b) = -42*b - 559. Determine m(-13).
-13
Let w(v) = -v**3 - 18*v**2 + 231*v - 28. Determine w(8).
156
Let m(j) = -2*j**2 + 31*j - 23. Determine m(5).
82
Let t(k) = -37*k + 820. Give t(23).
-31
Let b(t) = -t**2 + 44*t - 74. What is b(42)?
10
Let m(q) = 615*q + 3072. What is m(-5)?
-3
Let n(p) = 3*p**3 - 8*p**2 - 11*p + 66. What is n(-6)?
-804
Let h(k) = -k**3 - 26*k**2 - 25*k - 39. Calculate h(-25).
-39
Let q(a) = -2*a**3 + 16*a**2 + 173*a - 1396. Give q(8).
-12
Let d(v) = -5*v*